17813009?
7
What is the units digit of 6237669?
9
What is the units digit of 3177540?
0
What is the ten thousands digit of 536054?
3
What is the ten thousands digit of 59356?
5
What is the millions digit of 2224528?
2
What is the ten thousands digit of 1882253?
8
What is the units digit of 59352?
2
What is the thousands digit of 4880196?
0
What is the ten thousands digit of 1980675?
8
What is the thousands digit of 6053813?
3
What is the tens digit of 2395603?
0
What is the ten thousands digit of 2361868?
6
What is the hundred thousands digit of 6417595?
4
What is the hundred thousands digit of 5800960?
8
What is the millions digit of 39198964?
9
What is the hundreds digit of 525643?
6
What is the hundred thousands digit of 4810283?
8
What is the hundreds digit of 266915?
9
What is the units digit of 130513?
3
What is the ten thousands digit of 7184934?
8
What is the tens digit of 704341?
4
What is the ten thousands digit of 1486673?
8
What is the units digit of 315972?
2
What is the units digit of 200033?
3
What is the tens digit of 313788?
8
What is the thousands digit of 6782671?
2
What is the ten thousands digit of 4190752?
9
What is the millions digit of 11171109?
1
What is the ten thousands digit of 667714?
6
What is the hundreds digit of 193140?
1
What is the ten thousands digit of 3683447?
8
What is the millions digit of 11060018?
1
What is the tens digit of 2383751?
5
What is the ten thousands digit of 1644670?
4
What is the tens digit of 248398?
9
What is the ten thousands digit of 198647?
9
What is the thousands digit of 843253?
3
What is the millions digit of 1290551?
1
What is the ten millions digit of 15331190?
1
What is the units digit of 255547?
7
What is the units digit of 595979?
9
What is the thousands digit of 10479441?
9
What is the ten thousands digit of 228621?
2
What is the tens digit of 5680800?
0
What is the thousands digit of 3159201?
9
What is the hundreds digit of 107125?
1
What is the ten thousands digit of 117751?
1
What is the units digit of 403427?
7
What is the units digit of 114944?
4
What is the units digit of 292965?
5
What is the hundreds digit of 209675?
6
What is the hundreds digit of 11232148?
1
What is the thousands digit of 769407?
9
What is the thousands digit of 60851?
0
What is the ten thousands digit of 18747149?
4
What is the millions digit of 14163087?
4
What is the tens digit of 10585640?
4
What is the hundreds digit of 969617?
6
What is the tens digit of 4306894?
9
What is the hundreds digit of 433853?
8
What is the hundreds digit of 19977?
9
What is the ten thousands digit of 926874?
2
What is the tens digit of 46674?
7
What is the units digit of 71724?
4
What is the hundred thousands digit of 10864633?
8
What is the ten thousands digit of 1662198?
6
What is the hundred thousands digit of 4546098?
5
What is the tens digit of 16239?
3
What is the tens digit of 164990?
9
What is the hundreds digit of 824766?
7
What is the hundreds digit of 241198?
1
What is the hundreds digit of 24013307?
3
What is the ten thousands digit of 10661341?
6
What is the ten thousands digit of 4729518?
2
What is the hundred thousands digit of 9623161?
6
What is the hundred thousands digit of 149049?
1
What is the tens digit of 465239?
3
What is the ten thousands digit of 1407341?
0
What is the hundreds digit of 155587?
5
What is the thousands digit of 975330?
5
What is the ten thousands digit of 1438489?
3
What is the ten thousands digit of 1139790?
3
What is the units digit of 3611842?
2
What is the hundreds digit of 264944?
9
What is the hundred thousands digit of 938296?
9
What is the hundred thousands digit of 1506916?
5
What is the thousands digit of 2826214?
6
What is the thousands digit of 899907?
9
What is the units digit of 18072?
2
What is the ten thousands digit of 10393612?
9
What is the hundreds digit of 623567?
5
What is the units digit of 17019349?
9
What is the hundreds digit of 750360?
3
What is the ten thousands digit of 237444?
3
What is the units digit of 1262095?
5
What is the tens digit of 5909806?
0
What is the millions digit of 4191918?
4
What is the ten thousands digit of 5915044?
1
What is the millions digit of 3188536?
3
What is the millions digit of 1418290?
1
What is the millions digit of 4068119?
4
What is the millions digit of 5179914?
5
What is the units digit of 1163279?
9
What is the hundred thousands digit of 2474779?
4
What is the ten thousands digit of 715117?
1
What is the hundreds digit of 2416128?
1
What is the hundred thousands digit of 769440?
7
What is the hundreds digit of 259283?
2
What is the millions digit of 4273697?
4
What is the millions digit of 1333911?
1
What is the ten thousands digit of 62718?
6
What is the hundreds digit of 1894033?
0
What is the millions digit of 16932215?
6
What is the thousands digit of 623599?
3
What is the hundreds digit of 282968?
9
What is the tens digit of 360982?
8
What is the ten thousands digit of 1672108?
7
What is the thousands digit of 2277756?
7
What is the units digit of 889962?
2
What is the millions digit of 11981884?
1
What is the tens digit of 152874?
7
What is the millions digit of 1865596?
1
What is the ten thousands digit of 78609?
7
What is the units digit of 735792?
2
What is the millions digit of 10341273?
0
What is the thousands digit of 798513?
8
What is the hundred thousands digit of 667561?
6
What is the units digit of 440027?
7
What is the ten millions digit of 33222152?
3
What is the tens digit of 28355314?
1
What is the hundreds digit of 162427?
4
What is the hundreds digit of 519733?
7
What is the hundreds digit of 933939?
9
What is the thousands digit of 18470372?
0
What is the hundred thousands digit of 1231800?
2
What is the thousands digit of 125087?
5
What is the ten thousands digit of 428780?
2
What is the ten thousands digit of 278186?
7
What is the hundreds digit of 289849?
8
What is the units digit of 3153226?
6
What is the units digit of 388796?
6
What is the hundred thousands digit of 170427?
1
What is the thousands digit of 2694441?
4
What is the ten thousands digit of 326996?
2
What is the ten thousands digit of 6682914?
8
What is the units digit of 219760?
0
What is the millions digit of 7429132?
7
What is the units digit of 151181?
1
What is the thousands digit of 6240660?
0
What is the millions digit of 3521161?
3
What is the ten thousands digit of 561519?
6
What is the tens digit of 20568693?
9
What is the ten thousands digit of 98032?
9
What is the tens digit of 132251?
5
What is the thousands digit of 938438?
8
What is the units digit of 16467433?
3
What is the tens digit of 1451510?
1
What is the hundreds digit of 2100570?
5
What is the tens digit of 20286186?
8
What is the hundreds digit of 8993157?
1
What is the millions digit of 3466331?
3
What is the hundreds digit of 3463400?
4
What is the millions digit of 9803428?
9
What is the thousands digit of 4624404?
4
What is the hundreds digit of 4005530?
5
What is the ten millions digit of 11774580?
1
What is the millions digit of 1350206?
1
What is the hundred thousands digit of 9784177?
7
What is the hundred thousands digit of 270916?
2
What is the units digit of 3411049?
9
What is the ten thousands digit of 80798?
8
What is the hundred thousands digit of 130606?
1
What is the ten thousands digit of 16495182?
9
What is the tens digit of 396763?
6
What is the tens digit of 649167?
6
What is the ten thousands digit of 6409167?
0
What is the units digit of 4089304?
4
What is the units digit of 23009?
9
What is the hundred thousands digit of 544166?
5
What is the ten thousands digit of 1134448?
3
What is the hundreds digit of 916135?
1
What is the units digit of 350706?
6
What is the thousands digit of 2724175?
4
What is the tens digit of 388684?
8
What is the millions digit of 3370915?
3
What is the thousands digit of 8890115?
0
What is the hundreds digit of 333226?
2
What is the hundreds digit of 1421191?
1
What is the units digit of 327004?
4
What is the ten thousands digit of 36946?
3
What is the hundred thousands digit of 284271?
2
What is the hundred thousands digit of 2095130?
0
What is the thousands digit of 15758138?
8
What is the hundreds digit of 1545905?
9
What is the units digit of 10223642?
2
What is the hundreds digit of 52232